{"id":252,"date":"2024-07-02T11:12:04","date_gmt":"2024-07-02T09:12:04","guid":{"rendered":"https:\/\/www.tensa-france.com\/?page_id=252"},"modified":"2024-08-01T14:45:32","modified_gmt":"2024-08-01T12:45:32","slug":"fourgons","status":"publish","type":"page","link":"https:\/\/www.tensa-france.com\/index.php\/fourgons\/","title":{"rendered":"Fourgons"},"content":{"rendered":"<p>[et_pb_section fb_built=&#8221;1&#8243; admin_label=&#8221;Products&#8221; _builder_version=&#8221;4.25.1&#8243; _module_preset=&#8221;default&#8221; background_color=&#8221;#FFFFFF&#8221; custom_margin=&#8221;17px|||||&#8221; collapsed=&#8221;on&#8221; global_colors_info=&#8221;{}&#8221;][et_pb_row _builder_version=&#8221;4.22.1&#8243; _module_preset=&#8221;default&#8221; global_colors_info=&#8221;{}&#8221;][et_pb_column type=&#8221;4_4&#8243; _builder_version=&#8221;4.22.1&#8243; _module_preset=&#8221;default&#8221; global_colors_info=&#8221;{}&#8221;][et_pb_text _builder_version=&#8221;4.25.1&#8243; _module_preset=&#8221;7bf123cb-3c17-49b1-b5ea-6f1dfdaa08ba&#8221; header_2_text_color=&#8221;gcid-40afeb94-f3a1-4b01-a695-ff82654e75f2&#8243; text_orientation=&#8221;center&#8221; global_colors_info=&#8221;{%22gcid-40afeb94-f3a1-4b01-a695-ff82654e75f2%22:%91%22header_2_text_color%22%93}&#8221;]<\/p>\n<h2>Fourgons<\/h2>\n<p>[\/et_pb_text][et_pb_text _builder_version=&#8221;4.25.2&#8243; _module_preset=&#8221;default&#8221; global_colors_info=&#8221;{}&#8221;]<\/p>\n<p style=\"text-align: center;\"><span>Pour d\u00e9couvrir la gamme compl\u00e8te des fourgons Tensa et conna\u00eetre leurs prix, nous vous invitons \u00e0 consulter notre liste des prix de d\u00e9tail disponible en magasin. Nos experts se tiennent \u00e0 votre disposition pour vous conseiller et vous aider \u00e0 choisir le mod\u00e8le qui correspond le mieux \u00e0 vos besoins.<\/span><\/p>\n<p>[\/et_pb_text][\/et_pb_column][\/et_pb_row][et_pb_row column_structure=&#8221;1_4,1_4,1_4,1_4&#8243; _builder_version=&#8221;4.25.1&#8243; _module_preset=&#8221;default&#8221; global_colors_info=&#8221;{}&#8221;][et_pb_column type=&#8221;1_4&#8243; _builder_version=&#8221;4.25.1&#8243; _module_preset=&#8221;default&#8221; global_colors_info=&#8221;{}&#8221;][et_pb_image src=&#8221;http:\/\/www.tensa-france.com\/wp-content\/uploads\/2024\/07\/F1330HD-AVEC-HAYON-2.jpg&#8221; title_text=&#8221;F1330HD AVEC HAYON &#8211; 2&#8243; url=&#8221;https:\/\/www.tensa-france.com\/index.php\/fourgons-en-contre-plaque\/&#8221; _builder_version=&#8221;4.26.0&#8243; _module_preset=&#8221;default&#8221; border_radii=&#8221;on|1px|1px|1px|1px&#8221; border_width_all=&#8221;2px&#8221; border_color_all=&#8221;#000000&#8243; global_colors_info=&#8221;{}&#8221;][\/et_pb_image][et_pb_text _builder_version=&#8221;4.26.0&#8243; _module_preset=&#8221;default&#8221; link_option_url=&#8221;https:\/\/www.tensa-france.com\/index.php\/fourgons-en-contre-plaque\/&#8221; global_colors_info=&#8221;{}&#8221;]<\/p>\n<h4 style=\"text-align: center;\"><strong>FOURGONS EN CONTREPLAQU\u00c9<\/strong><\/h4>\n<p>[\/et_pb_text][\/et_pb_column][et_pb_column type=&#8221;1_4&#8243; _builder_version=&#8221;4.25.1&#8243; _module_preset=&#8221;default&#8221; global_colors_info=&#8221;{}&#8221;][et_pb_image src=&#8221;http:\/\/www.tensa-france.com\/wp-content\/uploads\/2024\/07\/FK2036HT-5.png&#8221; title_text=&#8221;FK2036HT-5&#8243; url=&#8221;https:\/\/www.tensa-france.com\/index.php\/fourgons-sandwich\/&#8221; _builder_version=&#8221;4.27.0&#8243; _module_preset=&#8221;default&#8221; hover_enabled=&#8221;0&#8243; border_width_all=&#8221;2px&#8221; global_colors_info=&#8221;{}&#8221; sticky_enabled=&#8221;0&#8243;][\/et_pb_image][et_pb_text _builder_version=&#8221;4.26.0&#8243; _module_preset=&#8221;default&#8221; link_option_url=&#8221;https:\/\/www.tensa-france.com\/index.php\/fourgons-sandwich\/&#8221; global_colors_info=&#8221;{}&#8221;]<\/p>\n<h4 style=\"text-align: center;\"><strong>FOURGONS SANDWICH<\/strong><\/h4>\n<p>[\/et_pb_text][\/et_pb_column][et_pb_column type=&#8221;1_4&#8243; _builder_version=&#8221;4.25.1&#8243; _module_preset=&#8221;default&#8221; global_colors_info=&#8221;{}&#8221;][et_pb_image src=&#8221;http:\/\/www.tensa-france.com\/wp-content\/uploads\/2024\/07\/F133415HL-1.png&#8221; title_text=&#8221;F133415HL-1&#8243; url=&#8221;https:\/\/www.tensa-france.com\/index.php\/fourgons-stratifies\/&#8221; _builder_version=&#8221;4.26.0&#8243; _module_preset=&#8221;default&#8221; border_width_all=&#8221;2px&#8221; global_colors_info=&#8221;{}&#8221;][\/et_pb_image][et_pb_text _builder_version=&#8221;4.26.0&#8243; _module_preset=&#8221;default&#8221; link_option_url=&#8221;https:\/\/www.tensa-france.com\/index.php\/fourgons-stratifies\/&#8221; global_colors_info=&#8221;{}&#8221;]<\/p>\n<h4 style=\"text-align: center;\"><strong>FOURGONS STRATIFI\u00c9S<\/strong><\/h4>\n<p>[\/et_pb_text][\/et_pb_column][et_pb_column type=&#8221;1_4&#8243; _builder_version=&#8221;4.25.1&#8243; _module_preset=&#8221;default&#8221; global_colors_info=&#8221;{}&#8221;][et_pb_image src=&#8221;http:\/\/www.tensa-france.com\/wp-content\/uploads\/2024\/07\/FK2036HT-1.png&#8221; title_text=&#8221;FK2036HT-1&#8243; url=&#8221;https:\/\/www.tensa-france.com\/index.php\/fourgons-stratifies\/&#8221; _builder_version=&#8221;4.26.0&#8243; _module_preset=&#8221;default&#8221; border_width_all=&#8221;2px&#8221; global_colors_info=&#8221;{}&#8221;][\/et_pb_image][et_pb_text _builder_version=&#8221;4.26.0&#8243; _module_preset=&#8221;default&#8221; link_option_url=&#8221;https:\/\/www.tensa-france.com\/index.php\/fourgons-stratifies\/&#8221; global_colors_info=&#8221;{}&#8221;]<\/p>\n<h4 style=\"text-align: center;\"><strong>FOURGONS FRIGORIFIQUES<\/strong><\/h4>\n<p>[\/et_pb_text][\/et_pb_column][\/et_pb_row][\/et_pb_section]<\/p>\n","protected":false},"excerpt":{"rendered":"<p>FourgonsPour d\u00e9couvrir la gamme compl\u00e8te des fourgons Tensa et conna\u00eetre leurs prix, nous vous invitons \u00e0 consulter notre liste des prix de d\u00e9tail disponible en magasin. Nos experts se tiennent \u00e0 votre disposition pour vous conseiller et vous aider \u00e0 choisir le mod\u00e8le qui correspond le mieux \u00e0 vos besoins.FOURGONS EN CONTREPLAQU\u00c9FOURGONS SANDWICHFOURGONS STRATIFI\u00c9SFOURGONS FRIGORIFIQUES<\/p>\n","protected":false},"author":2,"featured_media":0,"parent":0,"menu_order":0,"comment_status":"closed","ping_status":"closed","template":"","meta":{"_et_pb_use_builder":"on","_et_pb_old_content":"","_et_gb_content_width":"","footnotes":""},"class_list":["post-252","page","type-page","status-publish","hentry"],"_links":{"self":[{"href":"https:\/\/www.tensa-france.com\/index.php\/wp-json\/wp\/v2\/pages\/252","targetHints":{"allow":["GET"]}}],"collection":[{"href":"https:\/\/www.tensa-france.com\/index.php\/wp-json\/wp\/v2\/pages"}],"about":[{"href":"https:\/\/www.tensa-france.com\/index.php\/wp-json\/wp\/v2\/types\/page"}],"author":[{"embeddable":true,"href":"https:\/\/www.tensa-france.com\/index.php\/wp-json\/wp\/v2\/users\/2"}],"replies":[{"embeddable":true,"href":"https:\/\/www.tensa-france.com\/index.php\/wp-json\/wp\/v2\/comments?post=252"}],"version-history":[{"count":11,"href":"https:\/\/www.tensa-france.com\/index.php\/wp-json\/wp\/v2\/pages\/252\/revisions"}],"predecessor-version":[{"id":947,"href":"https:\/\/www.tensa-france.com\/index.php\/wp-json\/wp\/v2\/pages\/252\/revisions\/947"}],"wp:attachment":[{"href":"https:\/\/www.tensa-france.com\/index.php\/wp-json\/wp\/v2\/media?parent=252"}],"curies":[{"name":"wp","href":"https:\/\/api.w.org\/{rel}","templated":true}]}}