{"id":260,"date":"2024-07-02T11:13:14","date_gmt":"2024-07-02T09:13:14","guid":{"rendered":"https:\/\/www.tensa-france.com\/?page_id=260"},"modified":"2024-08-22T17:31:16","modified_gmt":"2024-08-22T15:31:16","slug":"porte-bateaux","status":"publish","type":"page","link":"https:\/\/www.tensa-france.com\/index.php\/porte-bateaux\/","title":{"rendered":"Porte-Bateaux"},"content":{"rendered":"<p>[et_pb_section fb_built=&#8221;1&#8243; _builder_version=&#8221;4.26.0&#8243; _module_preset=&#8221;default&#8221; background_color=&#8221;#d10b1d&#8221; global_colors_info=&#8221;{}&#8221;][et_pb_row _builder_version=&#8221;4.26.0&#8243; _module_preset=&#8221;default&#8221; global_colors_info=&#8221;{}&#8221;][et_pb_column type=&#8221;4_4&#8243; _builder_version=&#8221;4.26.0&#8243; _module_preset=&#8221;default&#8221; global_colors_info=&#8221;{}&#8221;][et_pb_text _builder_version=&#8221;4.26.0&#8243; _module_preset=&#8221;7bf123cb-3c17-49b1-b5ea-6f1dfdaa08ba&#8221; header_2_text_color=&#8221;gcid-40afeb94-f3a1-4b01-a695-ff82654e75f2&#8243; text_orientation=&#8221;center&#8221; custom_margin=&#8221;||-2px|||&#8221; global_colors_info=&#8221;{%22gcid-40afeb94-f3a1-4b01-a695-ff82654e75f2%22:%91%22header_2_text_color%22%93}&#8221;]<\/p>\n<h2><span style=\"color: #ffffff; font-size: xx-large;\"><span style=\"caret-color: #ffffff;\">Porte-<strong>bateaux<\/strong><\/span><\/span><\/h2>\n<p>[\/et_pb_text][et_pb_text _builder_version=&#8221;4.27.0&#8243; _module_preset=&#8221;default&#8221; hover_enabled=&#8221;0&#8243; global_colors_info=&#8221;{}&#8221; sticky_enabled=&#8221;0&#8243;]<\/p>\n<p style=\"text-align: center;\"><span style=\"color: #ffffff;\">Afin de conna\u00eetre le prix du produit qui vous int\u00e9resse, nous vous encourageons \u00e0 nous contacter ou contacter  un de nos revendeurs.<\/span><\/p>\n<p>[\/et_pb_text][\/et_pb_column][\/et_pb_row][\/et_pb_section][et_pb_section fb_built=&#8221;1&#8243; admin_label=&#8221;Products&#8221; _builder_version=&#8221;4.25.1&#8243; _module_preset=&#8221;default&#8221; background_color=&#8221;#FFFFFF&#8221; custom_margin=&#8221;17px|||||&#8221; collapsed=&#8221;on&#8221; global_colors_info=&#8221;{}&#8221;][et_pb_row _builder_version=&#8221;4.22.1&#8243; _module_preset=&#8221;default&#8221; global_colors_info=&#8221;{}&#8221;][et_pb_column type=&#8221;4_4&#8243; _builder_version=&#8221;4.22.1&#8243; _module_preset=&#8221;default&#8221; global_colors_info=&#8221;{}&#8221;][et_pb_text _builder_version=&#8221;4.26.0&#8243; _module_preset=&#8221;7bf123cb-3c17-49b1-b5ea-6f1dfdaa08ba&#8221; header_2_text_color=&#8221;gcid-40afeb94-f3a1-4b01-a695-ff82654e75f2&#8243; text_orientation=&#8221;center&#8221; global_colors_info=&#8221;{%22gcid-40afeb94-f3a1-4b01-a695-ff82654e75f2%22:%91%22header_2_text_color%22%93}&#8221;]<\/p>\n<h2><span style=\"font-size: xx-large; color: #808080;\">Param\u00e8tres techniques de base.<\/span><\/h2>\n<p>[\/et_pb_text][et_pb_text _builder_version=&#8221;4.27.0&#8243; _module_preset=&#8221;default&#8221; hover_enabled=&#8221;0&#8243; global_colors_info=&#8221;{}&#8221; sticky_enabled=&#8221;0&#8243;]<\/p>\n<div class=\"et_pb_module et_pb_text et_pb_text_0 et_pb_bg_layout_light et_pb_text_align_left et_pb_module_header\">\n<div class=\"et_pb_text_inner\">\n<div class=\"table-responsive\">\n<table style=\"width: 98.023607%; border-collapse: collapse; background-color: #f3f3f3;\">\n<thead>\n<tr style=\"background-color: #d10a1d; color: #ffffff; text-align: left; font-weight: bold;\">\n<th style=\"padding: 10px;\"><span style=\"color: #ffffff;\">Mod\u00e8le de remorque<\/span><\/th>\n<th style=\"padding: 10px;\"><span style=\"color: #ffffff;\">Taille maximale du bateau L x l (cm)<\/span><\/th>\n<th style=\"padding: 10px;\"><span style=\"color: #ffffff;\">Dimensions utiles<br \/>L x l x H (cm)<\/span><\/th>\n<th style=\"padding: 10px;\"><span style=\"color: #ffffff;\">PTAC (poids brut du v\u00e9hicule) (kg)<\/span><\/th>\n<th style=\"padding: 10px;\"><span style=\"color: #ffffff;\">Capacit\u00e9 de charge admissible (kg)<\/span><\/th>\n<th style=\"padding: 10px;\"><span style=\"color: #ffffff;\">Nombre d&#8217;essieux B*\u2013 frein\u00e9 \u2013 NB* &#8211; non frein\u00e9<\/span><\/th>\n<th style=\"padding: 10px;\"><span style=\"color: #ffffff;\">Roues<\/span><\/th>\n<\/tr>\n<\/thead>\n<tbody>\n<tr style=\"background-color: #ffffff;\">\n<td style=\"padding: 10px; color: #888888;\"><a href=\"https:\/\/www.tensa-france.com\/index.php\/produit\/p750\/\">P750<\/a><\/td>\n<td style=\"padding: 10px;\">500 x 180<\/td>\n<td style=\"padding: 10px;\">570x178x135<\/td>\n<td style=\"padding: 10px;\">750<\/td>\n<td style=\"padding: 10px;\">555<\/td>\n<td style=\"padding: 10px;\">1NB<\/td>\n<td style=\"padding: 10px;\">165\/70R13<\/td>\n<\/tr>\n<tr style=\"background-color: #ffffff;\">\n<td style=\"padding: 10px; color: #888888;\"><a href=\"https:\/\/www.tensa-france.com\/index.php\/produit\/p751s-black\/\">P751S Noir<\/a><\/td>\n<td style=\"padding: 10px;\">350 x 140<\/td>\n<td style=\"padding: 10px;\">500&#215;178<\/td>\n<td style=\"padding: 10px;\">750<\/td>\n<td style=\"padding: 10px;\">525<\/td>\n<td style=\"padding: 10px;\">1NB<\/td>\n<td style=\"padding: 10px;\">195\/55R15<\/td>\n<\/tr>\n<tr style=\"background-color: #ffffff;\">\n<td style=\"padding: 10px; color: #888888;\"><a href=\"https:\/\/www.tensa-france.com\/index.php\/produit\/p750h\/\">P750H<\/a><\/td>\n<td style=\"padding: 10px;\">500 x 180<\/td>\n<td style=\"padding: 10px;\">590x178x137<\/td>\n<td style=\"padding: 10px;\">750<\/td>\n<td style=\"padding: 10px;\">620<\/td>\n<td style=\"padding: 10px;\">1B<\/td>\n<td style=\"padding: 10px;\">165\/70R13<\/td>\n<\/tr>\n<tr style=\"background-color: #ffffff;\">\n<td style=\"padding: 10px; color: #888888;\"><a href=\"https:\/\/www.tensa-france.com\/index.php\/produit\/p900h\/\">P900H<\/a><\/td>\n<td style=\"padding: 10px;\">500 x 180<\/td>\n<td style=\"padding: 10px;\">590x178x135<\/td>\n<td style=\"padding: 10px;\">900<\/td>\n<td style=\"padding: 10px;\">647<\/td>\n<td style=\"padding: 10px;\">1B<\/td>\n<td style=\"padding: 10px;\">165\/80R13<\/td>\n<\/tr>\n<tr style=\"background-color: #ffffff;\">\n<td style=\"padding: 10px; color: #888888;\"><a href=\"https:\/\/www.tensa-france.com\/index.php\/produit\/p1315h\/\">P1315H<\/a><\/td>\n<td style=\"padding: 10px;\">680 x 250<\/td>\n<td style=\"padding: 10px;\">760x209x140<\/td>\n<td style=\"padding: 10px;\">1300<\/td>\n<td style=\"padding: 10px;\">1147<\/td>\n<td style=\"padding: 10px;\">1B<\/td>\n<td style=\"padding: 10px;\">165R13C<\/td>\n<\/tr>\n<tr style=\"background-color: #ffffff;\">\n<td style=\"padding: 10px; color: #888888;\"><a href=\"https:\/\/www.tensa-france.com\/index.php\/produit\/p1515h\/\">P1515H<\/a><\/td>\n<td style=\"padding: 10px;\">680 x 250<\/td>\n<td style=\"padding: 10px;\">760x209x140<\/td>\n<td style=\"padding: 10px;\">1500<\/td>\n<td style=\"padding: 10px;\">1542<\/td>\n<td style=\"padding: 10px;\">1B<\/td>\n<td style=\"padding: 10px;\">184R14C<\/td>\n<\/tr>\n<tr style=\"background-color: #ffffff;\">\n<td style=\"padding: 10px; color: #888888;\"><a href=\"https:\/\/www.tensa-france.com\/index.php\/produit\/p2015h\/\">P2015HT<\/a><\/td>\n<td style=\"padding: 10px;\">680 x 250<\/td>\n<td style=\"padding: 10px;\">760x209x140<\/td>\n<td style=\"padding: 10px;\">2000<\/td>\n<td style=\"padding: 10px;\">2042<\/td>\n<td style=\"padding: 10px;\">2B<\/td>\n<td style=\"padding: 10px;\">185\/70R13<\/td>\n<\/tr>\n<tr>\n<td style=\"padding: 10px; color: #888888;\">P2520HT<\/td>\n<td style=\"padding: 10px;\"><\/td>\n<td style=\"padding: 10px;\">943x242x120<\/td>\n<td style=\"padding: 10px;\">2500<\/td>\n<td style=\"padding: 10px;\">2255<\/td>\n<td style=\"padding: 10px;\">2B<\/td>\n<td style=\"padding: 10px;\">195R14C<\/td>\n<\/tr>\n<tr>\n<td style=\"padding: 10px; color: #888888;\">P3520HT<\/td>\n<td style=\"padding: 10px;\"><\/td>\n<td style=\"padding: 10px;\">943x242x120<\/td>\n<td style=\"padding: 10px;\">3500<\/td>\n<td style=\"padding: 10px;\">2755<\/td>\n<td style=\"padding: 10px;\">2B<\/td>\n<td style=\"padding: 10px;\">195R14C<\/td>\n<\/tr>\n<tr>\n<td style=\"padding: 10px; color: #888888;\">P3525HT<\/td>\n<td style=\"padding: 10px;\"><\/td>\n<td style=\"padding: 10px;\">1043x242x122<\/td>\n<td style=\"padding: 10px;\">3500<\/td>\n<td style=\"padding: 10px;\">2750<\/td>\n<td style=\"padding: 10px;\">2B<\/td>\n<td style=\"padding: 10px;\">195R14C<\/td>\n<\/tr>\n<\/tbody>\n<\/table>\n<\/div>\n<\/div>\n<\/div>\n<p>[\/et_pb_text][et_pb_text _builder_version=&#8221;4.26.0&#8243; _module_preset=&#8221;7bf123cb-3c17-49b1-b5ea-6f1dfdaa08ba&#8221; header_2_text_color=&#8221;gcid-40afeb94-f3a1-4b01-a695-ff82654e75f2&#8243; text_orientation=&#8221;center&#8221; global_colors_info=&#8221;{%22gcid-40afeb94-f3a1-4b01-a695-ff82654e75f2%22:%91%22header_2_text_color%22%93}&#8221;]<\/p>\n<h2><span style=\"font-size: xx-large; color: #808080;\">D\u00e9couvrez la gamme<\/span><\/h2>\n<p>[\/et_pb_text][et_pb_shop type=&#8221;product_category&#8221; include_categories=&#8221;30&#8243; _builder_version=&#8221;4.26.0&#8243; _module_preset=&#8221;default&#8221; text_orientation=&#8221;center&#8221; border_width_all_image=&#8221;1px&#8221; global_colors_info=&#8221;{}&#8221;][\/et_pb_shop][\/et_pb_column][\/et_pb_row][\/et_pb_section]<\/p>\n","protected":false},"excerpt":{"rendered":"<p>Porte-bateauxAfin de conna\u00eetre le prix du produit qui vous int\u00e9resse, nous vous encourageons \u00e0 nous contacter ou contacter un de nos revendeurs.Param\u00e8tres techniques de base. Mod\u00e8le de remorque Taille maximale du bateau L x l (cm) Dimensions utilesL x l x H (cm) PTAC (poids brut du v\u00e9hicule) (kg) Capacit\u00e9 de charge admissible (kg) Nombre [&hellip;]<\/p>\n","protected":false},"author":2,"featured_media":0,"parent":0,"menu_order":0,"comment_status":"closed","ping_status":"closed","template":"","meta":{"_et_pb_use_builder":"on","_et_pb_old_content":"","_et_gb_content_width":"","footnotes":""},"class_list":["post-260","page","type-page","status-publish","hentry"],"_links":{"self":[{"href":"https:\/\/www.tensa-france.com\/index.php\/wp-json\/wp\/v2\/pages\/260","targetHints":{"allow":["GET"]}}],"collection":[{"href":"https:\/\/www.tensa-france.com\/index.php\/wp-json\/wp\/v2\/pages"}],"about":[{"href":"https:\/\/www.tensa-france.com\/index.php\/wp-json\/wp\/v2\/types\/page"}],"author":[{"embeddable":true,"href":"https:\/\/www.tensa-france.com\/index.php\/wp-json\/wp\/v2\/users\/2"}],"replies":[{"embeddable":true,"href":"https:\/\/www.tensa-france.com\/index.php\/wp-json\/wp\/v2\/comments?post=260"}],"version-history":[{"count":17,"href":"https:\/\/www.tensa-france.com\/index.php\/wp-json\/wp\/v2\/pages\/260\/revisions"}],"predecessor-version":[{"id":1001,"href":"https:\/\/www.tensa-france.com\/index.php\/wp-json\/wp\/v2\/pages\/260\/revisions\/1001"}],"wp:attachment":[{"href":"https:\/\/www.tensa-france.com\/index.php\/wp-json\/wp\/v2\/media?parent=260"}],"curies":[{"name":"wp","href":"https:\/\/api.w.org\/{rel}","templated":true}]}}