{"id":691,"date":"2024-07-10T15:45:55","date_gmt":"2024-07-10T13:45:55","guid":{"rendered":"https:\/\/www.tensa-france.com\/?page_id=691"},"modified":"2024-11-12T15:03:16","modified_gmt":"2024-11-12T14:03:16","slug":"fourgons-stratifies","status":"publish","type":"page","link":"https:\/\/www.tensa-france.com\/index.php\/fourgons-stratifies\/","title":{"rendered":"Fourgons stratifi\u00e9s"},"content":{"rendered":"<p>[et_pb_section fb_built=&#8221;1&#8243; _builder_version=&#8221;4.26.0&#8243; _module_preset=&#8221;default&#8221; background_color=&#8221;#d10b1d&#8221; global_colors_info=&#8221;{}&#8221;][et_pb_row _builder_version=&#8221;4.26.0&#8243; _module_preset=&#8221;default&#8221; global_colors_info=&#8221;{}&#8221;][et_pb_column type=&#8221;4_4&#8243; _builder_version=&#8221;4.26.0&#8243; _module_preset=&#8221;default&#8221; global_colors_info=&#8221;{}&#8221;][et_pb_text _builder_version=&#8221;4.27.0&#8243; _module_preset=&#8221;7bf123cb-3c17-49b1-b5ea-6f1dfdaa08ba&#8221; header_2_text_color=&#8221;gcid-40afeb94-f3a1-4b01-a695-ff82654e75f2&#8243; text_orientation=&#8221;center&#8221; custom_margin=&#8221;||-2px|||&#8221; global_colors_info=&#8221;{%22gcid-40afeb94-f3a1-4b01-a695-ff82654e75f2%22:%91%22header_2_text_color%22%93}&#8221;]<\/p>\n<h2><span style=\"font-size: xx-large; color: #ffffff;\">Fourgons <strong>stratifi\u00e9s (polyester)<\/strong><\/span><\/h2>\n<p>[\/et_pb_text][et_pb_text _builder_version=&#8221;4.27.0&#8243; _module_preset=&#8221;default&#8221; global_colors_info=&#8221;{}&#8221;]<\/p>\n<p style=\"text-align: center;\"><span style=\"color: #ffffff;\">Afin de conna\u00eetre le prix du produit qui vous int\u00e9resse, nous vous encourageons \u00e0 nous contacter ou contacter  un de nos revendeurs.<\/span><\/p>\n<p>[\/et_pb_text][\/et_pb_column][\/et_pb_row][\/et_pb_section][et_pb_section fb_built=&#8221;1&#8243; admin_label=&#8221;Products&#8221; _builder_version=&#8221;4.25.1&#8243; _module_preset=&#8221;default&#8221; background_color=&#8221;#FFFFFF&#8221; custom_margin=&#8221;17px|||||&#8221; collapsed=&#8221;on&#8221; global_colors_info=&#8221;{}&#8221;][et_pb_row _builder_version=&#8221;4.22.1&#8243; _module_preset=&#8221;default&#8221; global_colors_info=&#8221;{}&#8221;][et_pb_column type=&#8221;4_4&#8243; _builder_version=&#8221;4.22.1&#8243; _module_preset=&#8221;default&#8221; global_colors_info=&#8221;{}&#8221;][et_pb_text _builder_version=&#8221;4.26.0&#8243; _module_preset=&#8221;7bf123cb-3c17-49b1-b5ea-6f1dfdaa08ba&#8221; header_2_text_color=&#8221;gcid-40afeb94-f3a1-4b01-a695-ff82654e75f2&#8243; text_orientation=&#8221;center&#8221; global_colors_info=&#8221;{%22gcid-40afeb94-f3a1-4b01-a695-ff82654e75f2%22:%91%22header_2_text_color%22%93}&#8221;]<\/p>\n<h2><span style=\"font-size: xx-large; color: #808080;\">Param\u00e8tres <strong>techniques de base<\/strong><\/span><\/h2>\n<p>[\/et_pb_text][et_pb_text _builder_version=&#8221;4.27.3&#8243; _module_preset=&#8221;default&#8221; hover_enabled=&#8221;0&#8243; global_colors_info=&#8221;{}&#8221; sticky_enabled=&#8221;0&#8243;]<\/p>\n<div class=\"et_pb_module et_pb_text et_pb_text_0 et_pb_bg_layout_light et_pb_text_align_left et_pb_module_header\">\n<div class=\"et_pb_text_inner\">\n<div class=\"table-responsive\">\n<table style=\"width: 100%; border-collapse: collapse; background-color: #f3f3f3;\">\n<thead>\n<tr style=\"background-color: #d10a1d; color: #ffffff; text-align: left; font-weight: bold;\">\n<th style=\"padding: 10px;\"><span style=\"color: #ffffff;\">Mod\u00e8le de remorque<br \/>(si ALU = parois aluminium)<\/span><\/th>\n<th style=\"padding: 10px;\"><span style=\"color: #ffffff;\">Dimensions utiles<br \/>L x l x H (cm)<\/span><\/th>\n<th style=\"padding: 10px;\"><span style=\"color: #ffffff;\">Dimensions hors tout L x l x H (cm)<\/span><\/th>\n<th style=\"padding: 10px;\"><span style=\"color: #ffffff;\">PTAC (poids brut du v\u00e9hicule) (kg)<\/span><\/th>\n<th style=\"padding: 10px;\"><span style=\"color: #ffffff;\">Capacit\u00e9 de charge admissible (kg)<\/span><\/th>\n<th style=\"padding: 10px;\"><span style=\"color: #ffffff;\">Nombre d&#8217;essieux F*\u2013 frein\u00e9 \u2013 NF* &#8211; non frein\u00e9<\/span><\/th>\n<th style=\"padding: 10px;\"><span style=\"color: #ffffff;\">Roues<\/span><\/th>\n<\/tr>\n<\/thead>\n<tbody>\n<tr>\n<td style=\"padding: 10px;\"><strong><span style=\"color: #e02b20;\">Parois avant et toit stratifi\u00e9s<br \/>Combi Pont <\/span><\/strong><span style=\"color: #e02b20;\">(s&#8217;ouvre comme une porte et comme un pont)<\/span><\/td>\n<td style=\"padding: 10px;\"><\/td>\n<td style=\"padding: 10px;\"><\/td>\n<td style=\"padding: 10px;\"><\/td>\n<td style=\"padding: 10px;\"><\/td>\n<td style=\"padding: 10px;\"><\/td>\n<td style=\"padding: 10px;\"><\/td>\n<\/tr>\n<tr>\n<td style=\"padding: 10px;\">FL1331HC\u00a0 (h=180)<\/td>\n<td style=\"padding: 10px;\">310x160x180<\/td>\n<td style=\"padding: 10px;\"><\/td>\n<td style=\"padding: 10px;\">1300<\/td>\n<td style=\"padding: 10px;\"><\/td>\n<td style=\"padding: 10px;\">1F<\/td>\n<td style=\"padding: 10px;\">185R14C<\/td>\n<\/tr>\n<tr>\n<td style=\"padding: 10px;\">FL2031HTC\u00a0 (h=180)<\/td>\n<td style=\"padding: 10px;\">310x160x180<\/td>\n<td style=\"padding: 10px;\"><\/td>\n<td style=\"padding: 10px;\">2000<\/td>\n<td style=\"padding: 10px;\"><\/td>\n<td style=\"padding: 10px;\">2F<\/td>\n<td style=\"padding: 10px;\">185R14C<\/td>\n<\/tr>\n<tr>\n<td style=\"padding: 10px;\">FL2731HTC\u00a0 (h=180)<\/td>\n<td style=\"padding: 10px;\">310x160x180<\/td>\n<td style=\"padding: 10px;\"><\/td>\n<td style=\"padding: 10px;\">2700<\/td>\n<td style=\"padding: 10px;\"><\/td>\n<td style=\"padding: 10px;\">2F<\/td>\n<td style=\"padding: 10px;\">185R14C<\/td>\n<\/tr>\n<tr>\n<td style=\"padding: 10px;\">FL1336HC\u00a0 (h=180)<\/td>\n<td style=\"padding: 10px;\">360x160x180<\/td>\n<td style=\"padding: 10px;\"><\/td>\n<td style=\"padding: 10px;\">1300<\/td>\n<td style=\"padding: 10px;\"><\/td>\n<td style=\"padding: 10px;\">1F<\/td>\n<td style=\"padding: 10px;\">185R14C<\/td>\n<\/tr>\n<tr>\n<td style=\"padding: 10px;\">FL2036HTC\u00a0 (h=180)<\/td>\n<td style=\"padding: 10px;\">360x160x180<\/td>\n<td style=\"padding: 10px;\"><\/td>\n<td style=\"padding: 10px;\">2000<\/td>\n<td style=\"padding: 10px;\"><\/td>\n<td style=\"padding: 10px;\">2F<\/td>\n<td style=\"padding: 10px;\">185R14C<\/td>\n<\/tr>\n<tr>\n<td style=\"padding: 10px;\">FL2736HTC\u00a0 (h=180)<\/td>\n<td style=\"padding: 10px;\">360x160x180<\/td>\n<td style=\"padding: 10px;\"><\/td>\n<td style=\"padding: 10px;\">2700<\/td>\n<td style=\"padding: 10px;\"><\/td>\n<td style=\"padding: 10px;\">2F<\/td>\n<td style=\"padding: 10px;\">185R14C<\/td>\n<\/tr>\n<tr>\n<td style=\"padding: 10px;\"><strong><span style=\"color: #e02b20;\">Caisse enti\u00e8rement stratifi\u00e9e<\/span><\/strong><\/td>\n<td style=\"padding: 10px;\"><\/td>\n<td style=\"padding: 10px;\"><\/td>\n<td style=\"padding: 10px;\"><\/td>\n<td style=\"padding: 10px;\"><\/td>\n<td style=\"padding: 10px;\"><\/td>\n<td style=\"padding: 10px;\"><\/td>\n<\/tr>\n<tr style=\"background-color: #ffffff;\">\n<td style=\"padding: 10px;\"><span style=\"color: #e02b20;\"><a href=\"https:\/\/www.tensa-france.com\/index.php\/produit\/f133415hl\/\" style=\"color: #e02b20;\">F1334\/15H Pont<\/a><\/span><\/td>\n<td style=\"padding: 10px;\">340x150x180<\/td>\n<td style=\"padding: 10px;\">469x202x235<\/td>\n<td style=\"padding: 10px;\">1300<\/td>\n<td style=\"padding: 10px;\">790<\/td>\n<td style=\"padding: 10px;\">1F<\/td>\n<td style=\"padding: 10px;\">165R13C<\/td>\n<\/tr>\n<\/tbody>\n<\/table>\n<p>&nbsp;<\/p>\n<\/div>\n<\/div>\n<\/div>\n<p>[\/et_pb_text][et_pb_text _builder_version=&#8221;4.26.0&#8243; _module_preset=&#8221;7bf123cb-3c17-49b1-b5ea-6f1dfdaa08ba&#8221; header_2_text_color=&#8221;gcid-40afeb94-f3a1-4b01-a695-ff82654e75f2&#8243; text_orientation=&#8221;center&#8221; global_colors_info=&#8221;{%22gcid-40afeb94-f3a1-4b01-a695-ff82654e75f2%22:%91%22header_2_text_color%22%93}&#8221;]<\/p>\n<h2><span style=\"font-size: xx-large; color: #808080;\">D\u00e9couvrez <strong>la gamme<\/strong><\/span><\/h2>\n<p>[\/et_pb_text][et_pb_shop type=&#8221;product_category&#8221; include_categories=&#8221;40&#8243; _builder_version=&#8221;4.26.0&#8243; _module_preset=&#8221;default&#8221; text_orientation=&#8221;center&#8221; border_width_all_image=&#8221;1px&#8221; global_colors_info=&#8221;{}&#8221;][\/et_pb_shop][\/et_pb_column][\/et_pb_row][et_pb_row _builder_version=&#8221;4.27.0&#8243; _module_preset=&#8221;default&#8221; global_colors_info=&#8221;{}&#8221;][et_pb_column type=&#8221;4_4&#8243; _builder_version=&#8221;4.27.0&#8243; _module_preset=&#8221;default&#8221; global_colors_info=&#8221;{}&#8221;][et_pb_text _builder_version=&#8221;4.27.0&#8243; _module_preset=&#8221;default&#8221; global_colors_info=&#8221;{}&#8221;]<\/p>\n<p><strong>ACCESSOIRES<\/strong><\/p>\n<p>[\/et_pb_text][\/et_pb_column][\/et_pb_row][et_pb_row _builder_version=&#8221;4.27.0&#8243; _module_preset=&#8221;default&#8221; global_colors_info=&#8221;{}&#8221;][et_pb_column type=&#8221;4_4&#8243; _builder_version=&#8221;4.27.0&#8243; _module_preset=&#8221;default&#8221; global_colors_info=&#8221;{}&#8221;][et_pb_text _builder_version=&#8221;4.27.0&#8243; _module_preset=&#8221;default&#8221; global_colors_info=&#8221;{}&#8221;]<\/p>\n<p>Porte lat\u00e9rale &#8211; 374 \u20ac<br \/>Amortisseurs (2 pi\u00e8ces) &#8211; 54 \u20ac<br \/>Fen\u00eatre 800&#215;350 &#8211; 201 \u20ac<br \/>Fen\u00eatre 800&#215;500 &#8211; 217 \u20ac<br \/>Fen\u00eatre 1200&#215;540 &#8211; 300 \u20ac<br \/>Fen\u00eatre 1200&#215;600 &#8211; 306 \u20ac<br \/>Stores enrouleurs 800&#215;500 &#8211; 100 \u20ac<br \/>Stores enrouleurs 1200&#215;600\/540 &#8211; 148 \u20ac<br \/>Rabat de vente (sur le c\u00f4t\u00e9) fourgon 200cm &#8211; 427 \u20ac<br \/>Rabat de vente (sur le c\u00f4t\u00e9) fourgon 250\/260 cm &#8211; 483 \u20ac<br \/>Rabat de vente (sur le c\u00f4t\u00e9) fourgon 300 cm &#8211; 553 \u20ac<br \/>Rabat de vente (sur le c\u00f4t\u00e9) fourgon 360\/400 cm &#8211; 600 \u20ac<br \/>Lumi\u00e8re LED int\u00e9rieure &#8211; 44 \u20ac<br \/>Feux de route \u00e0 LED &#8211; 187 \u20ac<br \/>Suppl\u00e9ment pour 1800 kg (jusqu&#8217;\u00e0 1300kg) &#8211; 277 \u20ac<br \/>Suppl\u00e9ment pour 2700 kg (jusqu&#8217;\u00e0 2000kg) &#8211; 189 \u20ac<br \/>Suppl\u00e9ment pour 3000 kg (\u00e0 2700kg) &#8211; 252 \u20ac<br \/>Suppl\u00e9ment pour 3500 kg (jusqu&#8217;\u00e0 3000kg) &#8211; 408 \u20ac<br \/>A\u00e9rodynamique inclin\u00e9e 50&#215;50 &#8211; 99 \u20ac<br \/>Rampe combi (fourgon 250\/260 cm) &#8211; 690 \u20ac<br \/>Rampe combi (fourgon 300\/360 cm) &#8211; 758 \u20ac<br \/>Rampe combi (fourgon 400\/420 cm) &#8211; 863\u20ac<\/p>\n<p>[\/et_pb_text][\/et_pb_column][\/et_pb_row][\/et_pb_section]<\/p>\n","protected":false},"excerpt":{"rendered":"<p>Fourgons stratifi\u00e9s (polyester)Afin de conna\u00eetre le prix du produit qui vous int\u00e9resse, nous vous encourageons \u00e0 nous contacter ou contacter un de nos revendeurs.Param\u00e8tres techniques de base Mod\u00e8le de remorque(si ALU = parois aluminium) Dimensions utilesL x l x H (cm) Dimensions hors tout L x l x H (cm) PTAC (poids brut du v\u00e9hicule) [&hellip;]<\/p>\n","protected":false},"author":2,"featured_media":0,"parent":0,"menu_order":0,"comment_status":"closed","ping_status":"closed","template":"","meta":{"_et_pb_use_builder":"on","_et_pb_old_content":"","_et_gb_content_width":"","footnotes":""},"class_list":["post-691","page","type-page","status-publish","hentry"],"_links":{"self":[{"href":"https:\/\/www.tensa-france.com\/index.php\/wp-json\/wp\/v2\/pages\/691","targetHints":{"allow":["GET"]}}],"collection":[{"href":"https:\/\/www.tensa-france.com\/index.php\/wp-json\/wp\/v2\/pages"}],"about":[{"href":"https:\/\/www.tensa-france.com\/index.php\/wp-json\/wp\/v2\/types\/page"}],"author":[{"embeddable":true,"href":"https:\/\/www.tensa-france.com\/index.php\/wp-json\/wp\/v2\/users\/2"}],"replies":[{"embeddable":true,"href":"https:\/\/www.tensa-france.com\/index.php\/wp-json\/wp\/v2\/comments?post=691"}],"version-history":[{"count":16,"href":"https:\/\/www.tensa-france.com\/index.php\/wp-json\/wp\/v2\/pages\/691\/revisions"}],"predecessor-version":[{"id":1240,"href":"https:\/\/www.tensa-france.com\/index.php\/wp-json\/wp\/v2\/pages\/691\/revisions\/1240"}],"wp:attachment":[{"href":"https:\/\/www.tensa-france.com\/index.php\/wp-json\/wp\/v2\/media?parent=691"}],"curies":[{"name":"wp","href":"https:\/\/api.w.org\/{rel}","templated":true}]}}